 + (-1 - 2) - 4.
4
What is (26 - 8) + -11 + -1 + -12?
-6
What is 1 + (-2 - 4) + (3 - 0)?
-2
What is the value of (3 - 0) + -7 - (2 - 2)?
-4
What is 3 + (-6 - -8) + -1?
4
Evaluate -7 + -2 - (1 + -3 - 2).
-5
-4 + (-2 + 7 - -3)
4
Calculate -1 + 6 - (-11 + 20).
-4
What is 2 - (-5 + 8) - 1?
-2
What is 19 - 13 - (1 + 0)?
5
What is the value of 17 + -5 + -1 + -7?
4
What is the value of -3 - (-1 + 1 + -6)?
3
20 + (-2 - 11) + (1 - 12)
-4
Calculate (6 - -2) + -4 - (1 + -1).
4
Evaluate -11 + (3 - (-3 + 5 + -3)).
-7
-3 - (1 - (6 - 4))
-2
What is 24 + -34 + 7 + -2?
-5
1 - 9 - -6 - 5
-7
What is 0 - 6 - (11 + -11 + -12)?
6
Evaluate -5 + (4 - 2) - -3.
0
4 - (5 + (2 + 4 - 9))
2
Calculate 2 + (0 - (-3 + 3)) + 3.
5
What is the value of 3 + 2 - (4 - 0)?
1
What is (7 - 2) + -11 - (-8 + 6)?
-4
What is (3 + 2 - 7) + 4?
2
Evaluate (-1 - (2 - 8)) + -1.
4
4 + (-6 - -3) - 5
-4
-5 + 3 + (11 - 14) + 5
0
Calculate 4 + (1 - 5) + (5 - 9).
-4
What is the value of 7 + -1 + -4 + (-14 - -14)?
2
Evaluate -2 - -1 - (1 + -7).
5
Evaluate -4 + 8 + 1 + -2.
3
-6 + 2 + 4 + 1 + -2
-1
What is the value of -6 + (1 - -5) + -1?
-1
What is the value of -9 - -6 - (5 - 5 - 3)?
0
What is 6 - 8 - (-10 - (-4 - -1))?
5
-1 - -4 - (-20 - -19) - 0
4
-13 - -6 - -8 - 9
-8
-3 + (-1 - 1) - (-4 - -3)
-4
What is the value of 3 + -3 - 6 - (-27 - -15)?
6
What is (12 - 11) + 0 + -5?
-4
What is the value of 1 - ((-5 - -11) + -4 - 2)?
1
Evaluate -1 - (1 + (-4 - 1)).
3
Evaluate (-2 - (-3 + -7 - -3)) + 2.
7
(-7 - (1 + -7)) + 8
7
What is (1 - (2 - 2)) + 2?
3
Evaluate -7 + 0 - (-18 + 15).
-4
What is the value of 8 - 0 - -3 - 6?
5
What is the value of -3 + (-2 - -2) + 0?
-3
Calculate -11 - (10 - (8 - -8)).
-5
1 + (-4 - (0 - -1))
-4
What is the value of 22 - (-5 - -16 - -4)?
7
What is the value of (-1 + 0 - -3) + (0 - -3)?
5
Calculate -1 - (-4 + 0 + 0) - 2.
1
What is 1 + 2 - (-10 - (6 - 16))?
3
What is -1 + 3 - (50 - 45)?
-3
Evaluate (10 - 11) + (3 + -1 - 4).
-3
Calculate 3 + -3 + 0 - -1.
1
(-3 - (-2 + -1)) + (0 - -1)
1
(1 - -4) + (5 - 15) + 1
-4
Evaluate 4 - (-1 + -2 - -8) - 0.
-1
What is the value of -1 + (8 - (-6 + 18))?
-5
(-1 - 0 - -4) + (15 - 13)
5
Calculate -16 + (3 - -9) + -1.
-5
11 + -12 + 6 + 1
6
3 + (-2 + 3 - 10) + 3
-3
Calculate -5 + (5 - -3) - 10.
-7
What is the value of -9 + 8 + 9 + -10?
-2
(-11 - (0 + 0 - 4)) + 4
-3
Calculate (1 - 4) + 0 + 7 + -7.
-3
What is 10 + 2 + (1 - 12)?
1
(-21 - -15) + (6 - (1 + 1))
-2
Evaluate -2 + (-2 - -7) + (5 - 5).
3
What is the value of (0 - 5) + (-12 - -20)?
3
Calculate -6 + (-1 - (-10 - -2)).
1
Evaluate (8 - 6) + (5 - (21 + -5)).
-9
Evaluate 10 + 5 + -13 + (8 - 2).
8
Evaluate (0 - 4) + 4 + -5.
-5
Evaluate (0 - (-7 - 3)) + -15.
-5
Calculate -5 - (1 - 10) - 8.
-4
1 + 6 + (-3 - 0)
4
What is 2 - 1 - (4 - (7 + 1))?
5
What is the value of 13 - -9 - 9 - 15?
-2
-1 + 3 + -2 + -2
-2
What is -1 + -1 - (-11 + 9)?
0
Evaluate (5 + 1 - (-26 - -30)) + -1.
1
What is the value of -2 + 4 - (1 + -3 + 5)?
-1
Calculate 2 - -7 - (9 + -1 - 1).
2
Evaluate 7 + 7 + -5 - 4.
5
2 + 5 + 1 - (-2 - -6)
4
Calculate 0 + 3 + -6 + -1 + 5.
1
Calculate -2 - (-1 - (-1 - -3)).
1
What is (-4 - (-18 + 7 + 0)) + -1?
6
What is -1 + (-5 + 15 - 10)?
-1
-3 - (1 - (20 + -9))
7
Calculate -66 + 66 - (-1 + 6).
-5
Calculate -2 - (0 - -2 - -5 - 2).
-7
Evaluate (5 - (10 + -3)) + -4 + 1.
-5
(-5 + 6 - 9) + 9
1
Evaluate -4 - -2 - (-3 + -1).
2
-3 - -22 - 14 - 10
-5
-7 + -4 + 6 - (-2 + -3)
0
Evaluate (-1 + -3 - -1) + 1 - -6.
4
Evaluate -2 + (-4 - (-15 + 4)).
5
What is 21 + -29 - (-3 - 0)?
-5
What is the value of 10 - -1 - (-22 + 28)?
5
Calculate (0 - 7) + -2 + 0 + 4.
-5
Calculate -10 - (5 - 8 - 4).
-3
What is 2 + -2 + -7 - (-10 + 8)?
-5
(4 - (-4 - (2 - 9))) + -5
-4
Evaluate 8 - ((-3 - -3) + 4).
4
Calculate 11 + (3 + -20 - -7) + 6.
7
What is the value of -4 - -10 - (10 + -2)?
-2
Evaluate (-3 - -1) + 4 + (-1 - 1).
0
Evaluate 2 - 5 - (7 + (-11 - 0)).
1
What is 8 + -6 + 4 - 2?
4
Calculate -2 + 0 + 1 + (17 - 18).
-2
What is -2 + 1 + 1 + -3 - -4?
1
What is (-20 - -21) + -9 + 2?
-6
Evaluate -2 + (4 - (5 - 4)) + 2.
3
Calculate (3 - 1) + 2 + (-5 - -5).
4
Evaluate -93 + 85 - (-4 + 0).
-4
Calculate -3 + (1 - 0) + 0 + 0.
-2
Calculate (-2 - 2) + 3 + 5.
4
Calculate 6 + 0 + (-5 - 4 - -10).
7
Evaluate 5 - ((-2 - -8) + 49 + -46).
-4
What is the value of -4 + (-2 - 1) - (-2 + 1)?
-6
Evaluate 1 + (-2 - -1) - (4 + -1).
-3
5 + (0 - (8 + -3 + -2))
2
What is the value of -3 - (1 + -6) - -2?
4
What is (3 - -1 - 1) + -7?
-4
1 - 7 - (6 + -10)
-2
What is the value of 2 + (-1 - (8 - 8))?
1
-7 + (-8 - (0 - 9))
-6
What is -4 - (9 + (5 - 10)) - -4?
-4
3 + (-11 - (-8 - -3) - -6)
3
What is the value of -13 + 11 - (-3 + -1)?
2
Calculate 2 - (5 + 3 - (0 - -1)).
-5
What is 0 + 2 - 3 - 3?
-4
What is -4 + (-4 - -12) + -3?
1
-6 + -2 - (42 + -52)
2
Calculate 0 + -2 + (-5 - (2 - 6)).
-3
Calculate -3 - (2 + (-8 - -4)).
-1
Calculate -3 + 4 + (-4 - -4).
1
Calculate 0 - (-2 + 7 + -8).
3
16 + (0 - (0 - -9))
7
What is the value of -1 + (-1 - (-3 - 0) - 6)?
-5
Evaluate 9 + -8 - (-2 + 4).
-1
Calculate 2 - ((0 - 5) + 2).
5
Evaluate (-2 - (-9 - -2)) + -3.
2
What is (2 - 1) + 31 + -35?
-3
Evaluate 11 - (1 - 3 - -5) - 3.
5
-6 - -1 - (3 + -5 - -1)
-4
Calculate -1 - 7 - (-7 + 5).
-6
Evaluate -2 + (3 - -1) + 0 - 3.
-1
What is 3 + -6 - (4 + -2)?
-5
Calculate 4 + (-2 - -1) - 8.
-5
What is -5 + 6 + -1 + 7 + -3?
4
9 + (21 - 11 - 19)
0
What is 0 + -1 + 1 + -3 - -4?
1
What is the value of 84 + -87 + 2 + -1?
-2
What is the value of (-2 - 8) + -6 + 15?
-1
Evaluate (-3 - 0) + (3 + 5 - 12).
-7
What is the value of (-7 + 3 - (-3 - 6)) + -12?
-7
What is (13 - 0 - 4) + -5?
4
What is the value of 3 + -14 - (3 - (4 - -4))?
-6
What is the value of -1 - (-7 + 2 + 4)?
0
Calculate (-23 - (5 + -17)) + 2.
-9
-5 + 12 - 7 - -7
7
What is 9 + (-5 - (0 + 14))?
-10
(1 + -1 - -4) + -26 + 21
-1
-7 + 2 + (-4 - (-2 - 4))
-3
Evaluate -2 + (-4 - (-4 + 3)).
-5
7 + (-3 - (-9 - -9))
4
0 - (4 - -4 - 4)
-4
What is the value of 28 - 33 - (1 + -1)?
-5
-1 + -12 + 12 + 5
4
What is 0 + (-2 - 3) - (-29 - -31)?
-7
-7 + 2 + 0 + -1 + 4
-2
(-7 - 5) + (4 - (1 + 0))
-9
Calculate 8 + -4 - (0 + -1).
5
What is (-1 - -23) + (-23 - -16) + -6?
9
What is (-3 - (-4 + 4)) + -2?
-5
What is (1 - 0) + 3 + -7?
-3
What is -2 - (3 + -5 + -3 + 8)?
-5
What is (9 - 3) + (-1 + -10 - 0)?
-5
What is 27 + -17 + 4 + 0 + -6?
8
(10 - 11 - 2) + 9 + 0
6
What is the value of (0 + -1 - 0) + 1?
0
4 + (1 + -10 - (-29 - -27))
-3
What is (8 - 0) + (-2 - -2)?
8
What is the value of 5 - (13 + (1 - 4) - 2)?
-3
What is 1 - (-1 - -18) - -10?
-6
Evaluate 19 - 18 - (5 - -2).
-6
What is (1 - (-1 + -1 - 0)) + -1?
2
Evaluate (-3 - -15) + -5 + (0 - 12).
-5
Calculate -8 + -3 + 4 - -7.
0
Calculate -1 - -4 - (0 + -6 + 13).
-4
Evaluate -3 - (-3 + (4 - 4)).
0
Evaluate (12 - 8) + -4 + -1.
-1
Evaluate (-4 - -7) + -1 - 1.
1
Evaluate -9 + 16 + -11 + 6.
2
What is the value of (8 - ((5 - -1) + -2)) + -3?
1
Evaluate 3 + (-4 - (1 + 1)).
-3
What is the value of 1 - (2 - (-4 + 2))?
-3
Calculate 22 - (-26 - -42) - (0 - -1).
5
-121 + 130 - (5 + 1)
3
Calculate 4 + 1 + -16 - -7.
-4
What is the value of -4 + (3 - 3 - -4) + -5?
-5
What is the value of 10 - (-1 - (-4 - 5))?
2
What is -7 - -3 - (0 - -1 - 0)?
-5
What is the value of -1 - 8 - (-2 - 3)?
-4
Calculate 10 + (1 - (1 - -1)).
9
7 + (0 - 0) + -281 + 284
10
What is -4 - (1 - (4 + -7 + 11))?
3
27 - 24 - (-2 - 1)
6
-1 + (1 - (-5 + (5 - -2)))
-2
What is -53 + 58 - (2 + 1)?
2
Evaluate 1 + 5 + -10 - 1.
-5
What is the value of -12 - (15 + -11) - -10?
-6
-4 - (1 + 5 + -7 + 1)
-4
(0 - 7 - (-1 + -3)) + -3
-6
Calculate 0 + -15 + (27 - 18).
-6
Calculate 8 + 1 - (-5 - -3) - 5.
6
-5 - (-1 + (0 - -1))
-5
What is -10 - (-6 + -1) - (-1 + -1)?
-1
Calculate (-2 + 2 - -5) + (2 - 3).
4
12 - 16 - (0 - 1)
-3
Evaluate -1 + 3 - (6 + -8).
4
(0 - -3) + (-2 - 7)
-6
-3 + 1 - (-9 + 4)
3
What is (2 - -6) + -6 - (-1 - 2)?
5
Calculate 5 - (-3 + 17) - 1.
-10
What is the value of 3 - 6 - (-6 + 3 + -4)?
4
What is 2 - (5 + (0 - (1 + 7)))?
5
Evaluate 5 + -3 - (1 + 5 + -2).
-2
What is the value of (4 - 3 - -4 - -1) + 3?
9
1 - (-4 + 3 + -1)
3
What is the value of -20 - (0 - 10) - -4?
-6
Evaluate 15 + -21 - (-1 + (3 - 3)).
-5
Calculate 0 + 2 + -3 + -4 + 5.
0
-13 - (0 + -12) - (4 - 0)
-5
What is -4 + (-2 - (-5 - -1))?
-2
What is the value of 5 + (8 - 4) + -5?
4
What is -1 - (-13 